hat is the tens digit of 5573?
7
What is the thousands digit of 1000?
1
What is the ten thousands digit of 10655?
1
What is the units digit of 3591?
1
What is the units digit of 203?
3
What is the units digit of 45?
5
What is the ten thousands digit of 13556?
1
What is the tens digit of 1029?
2
What is the units digit of 6?
6
What is the thousands digit of 42672?
2
What is the thousands digit of 14732?
4
What is the thousands digit of 1764?
1
What is the thousands digit of 87579?
7
What is the thousands digit of 4104?
4
What is the units digit of 6632?
2
What is the hundreds digit of 857?
8
What is the tens digit of 27414?
1
What is the thousands digit of 1644?
1
What is the units digit of 11482?
2
What is the tens digit of 8836?
3
What is the hundreds digit of 12132?
1
What is the tens digit of 1305?
0
What is the thousands digit of 20476?
0
What is the thousands digit of 37059?
7
What is the tens digit of 3849?
4
What is the hundreds digit of 2251?
2
What is the thousands digit of 25469?
5
What is the units digit of 80030?
0
What is the tens digit of 73299?
9
What is the units digit of 801?
1
What is the thousands digit of 57221?
7
What is the thousands digit of 63293?
3
What is the tens digit of 3389?
8
What is the tens digit of 440?
4
What is the tens digit of 544?
4
What is the units digit of 129?
9
What is the tens digit of 11363?
6
What is the tens digit of 19588?
8
What is the hundreds digit of 1272?
2
What is the tens digit of 45063?
6
What is the hundreds digit of 2631?
6
What is the thousands digit of 3092?
3
What is the hundred thousands digit of 158627?
1
What is the thousands digit of 1733?
1
What is the hundreds digit of 134795?
7
What is the thousands digit of 1195?
1
What is the units digit of 28530?
0
What is the thousands digit of 112216?
2
What is the units digit of 9144?
4
What is the tens digit of 13803?
0
What is the thousands digit of 6653?
6
What is the thousands digit of 33493?
3
What is the hundreds digit of 1858?
8
What is the hundreds digit of 26651?
6
What is the thousands digit of 4278?
4
What is the ten thousands digit of 121834?
2
What is the units digit of 67?
7
What is the units digit of 13309?
9
What is the hundreds digit of 949?
9
What is the tens digit of 75271?
7
What is the tens digit of 195?
9
What is the tens digit of 14918?
1
What is the units digit of 993?
3
What is the thousands digit of 1665?
1
What is the hundreds digit of 9959?
9
What is the tens digit of 431?
3
What is the hundreds digit of 2514?
5
What is the units digit of 18285?
5
What is the thousands digit of 3036?
3
What is the units digit of 2029?
9
What is the tens digit of 7564?
6
What is the tens digit of 8441?
4
What is the thousands digit of 1295?
1
What is the units digit of 4802?
2
What is the hundreds digit of 192?
1
What is the hundreds digit of 86908?
9
What is the thousands digit of 73607?
3
What is the thousands digit of 10495?
0
What is the hundreds digit of 666?
6
What is the hundreds digit of 880?
8
What is the thousands digit of 26889?
6
What is the units digit of 13739?
9
What is the units digit of 685?
5
What is the tens digit of 51348?
4
What is the tens digit of 7424?
2
What is the hundreds digit of 756?
7
What is the hundreds digit of 102481?
4
What is the tens digit of 4887?
8
What is the tens digit of 887?
8
What is the thousands digit of 2430?
2
What is the hundreds digit of 11762?
7
What is the units digit of 820?
0
What is the thousands digit of 8729?
8
What is the tens digit of 320?
2
What is the thousands digit of 1744?
1
What is the hundreds digit of 1471?
4
What is the hundreds digit of 14689?
6
What is the units digit of 2268?
8
What is the units digit of 3129?
9
What is the tens digit of 6160?
6
What is the tens digit of 7968?
6
What is the tens digit of 14707?
0
What is the tens digit of 1776?
7
What is the units digit of 4744?
4
What is the units digit of 5594?
4
What is the tens digit of 29354?
5
What is the units digit of 770?
0
What is the units digit of 16885?
5
What is the tens digit of 698?
9
What is the units digit of 7775?
5
What is the tens digit of 19686?
8
What is the tens digit of 15676?
7
What is the units digit of 10150?
0
What is the hundreds digit of 61708?
7
What is the thousands digit of 1425?
1
What is the hundreds digit of 12389?
3
What is the thousands digit of 90398?
0
What is the hundreds digit of 812?
8
What is the units digit of 352?
2
What is the thousands digit of 6315?
6
What is the hundreds digit of 4937?
9
What is the units digit of 3971?
1
What is the ten thousands digit of 15281?
1
What is the tens digit of 12286?
8
What is the hundreds digit of 7444?
4
What is the units digit of 903?
3
What is the units digit of 961?
1
What is the tens digit of 19701?
0
What is the ten thousands digit of 106441?
0
What is the tens digit of 74?
7
What is the tens digit of 4468?
6
What is the hundreds digit of 721?
7
What is the ten thousands digit of 11155?
1
What is the tens digit of 43551?
5
What is the ten thousands digit of 106899?
0
What is the tens digit of 859?
5
What is the tens digit of 1659?
5
What is the ten thousands digit of 28336?
2
What is the units digit of 11375?
5
What is the hundreds digit of 6612?
6
What is the hundreds digit of 2902?
9
What is the hundreds digit of 128?
1
What is the tens digit of 1358?
5
What is the units digit of 509?
9
What is the ten thousands digit of 16366?
1
What is the units digit of 303?
3
What is the hundreds digit of 1186?
1
What is the units digit of 54180?
0
What is the hundreds digit of 3814?
8
What is the tens digit of 81708?
0
What is the units digit of 11822?
2
What is the tens digit of 63074?
7
What is the units digit of 23678?
8
What is the units digit of 11910?
0
What is the tens digit of 582?
8
What is the thousands digit of 1991?
1
What is the tens digit of 823?
2
What is the tens digit of 122423?
2
What is the units digit of 102931?
1
What is the tens digit of 17550?
5
What is the thousands digit of 1365?
1
What is the hundreds digit of 385?
3
What is the units digit of 6567?
7
What is the hundreds digit of 2384?
3
What is the hundreds digit of 17688?
6
What is the thousands digit of 9536?
9
What is the thousands digit of 84186?
4
What is the hundred thousands digit of 192039?
1
What is the thousands digit of 67415?
7
What is the hundreds digit of 476?
4
What is the units digit of 8268?
8
What is the tens digit of 56?
5
What is the units digit of 5592?
2
What is the thousands digit of 36226?
6
What is the units digit of 18089?
9
What is the units digit of 43091?
1
What is the units digit of 23281?
1
What is the hundreds digit of 24077?
0
What is the tens digit of 29172?
7
What is the tens digit of 4431?
3
What is the units digit of 6030?
0
What is the tens digit of 39539?
3
What is the tens digit of 1057?
5
What is the units digit of 20513?
3
What is the units digit of 12674?
4
What is the thousands digit of 91532?
1
What is the hundreds digit of 992?
9
What is the hundreds digit of 12201?
2
What is the units digit of 3142?
2
What is the ten thousands digit of 11272?
1
What is the hundreds digit of 1590?
5
What is the thousands digit of 5946?
5
What is the hundreds digit of 25331?
3
What is the hundreds digit of 25556?
5
What is the hundreds digit of 580?
5
What is the hundreds digit of 484?
4
What is the thousands digit of 1077?
1
What is the hundreds digit of 25349?
3
What is the units digit of 8126?
6
What is the units digit of 998?
8
What is the ten thousands digit of 12879?
1
What is the tens digit of 548?
4
What is the hundreds digit of 47314?
3
What is the units digit of 871?
1
What is the hundreds digit of 21672?
6
What is the tens digit of 601?
0
What is the hundreds digit of 32436?
4
What is the units digit of 1494?
4
What is the thousands digit of 2450?
2
What is the hundreds digit of 1110?
1
What is the units digit of 36151?
1
What is the units digit of 40164?
4
What is the tens digit of 298?
9
What is the ten thousands digit of 34293?
3
What is the hundreds digit of 233?
2
What is the tens digit of 22400?
0
What is the tens digit of 11356?
5
What is the thousands digit of 1560?
1
What is the units digit of 1744?
4
What is the tens digit of 98785?
8
What is the thousands digit of 15889?
5
What is the hundreds digi